{"id":66,"date":"2024-09-15T08:18:19","date_gmt":"2024-09-15T08:18:19","guid":{"rendered":"https:\/\/adoccomputer.todogds.es\/?page_id=66"},"modified":"2024-09-15T08:21:50","modified_gmt":"2024-09-15T08:21:50","slug":"aviso-legal","status":"publish","type":"page","link":"https:\/\/adoccomputer.todogds.es\/index.php\/aviso-legal\/","title":{"rendered":"Aviso Legal"},"content":{"rendered":"\n<p>Toda la informaci\u00f3n recopilada y contenida en este sitio web, su dise\u00f1o gr\u00e1fico y el c\u00f3digo fuente son propiedad de ADOC Computer y no pueden ser utilizados sin la autorizaci\u00f3n por escrito del mismo. El sitio web es accesible mediante la direcci\u00f3n\u00a0<a href=\"https:\/\/adoccomputer.es\/\">https:\/\/adoccomputer.es<\/a><\/p>\n\n\n\n<p>ADOC Computer mantiene este sitio web para la informaci\u00f3n, educaci\u00f3n y comunicaci\u00f3n del usuario. Este \u00fanicamente podr\u00e1 descargar el material que aparezca en el sitio web para su uso personal y no comercial, siempre que respete todos los derechos de autor, marcas, y otros derechos de propiedad.<\/p>\n\n\n\n<p>ADOC Computer se reserva el derecho a modificar unilateralmente en cualquier momento y sin aviso previo, la presentaci\u00f3n y configuraci\u00f3n de este sitio web, as\u00ed como los servicios y condiciones requeridas para usar el sitio web y sus servicios.<\/p>\n\n\n\n<p>Salvo que expresamente se manifieste lo contrario, la remisi\u00f3n por parte de los usuarios de informaciones y\/o contenidos a las secciones de acceso p\u00fablico de este sitio web (incluyendo a t\u00edtulo meramente enunciativo, ideas, comentarios, preguntas, opiniones o cualesquiera otros de an\u00e1loga significaci\u00f3n) a trav\u00e9s del correo electr\u00f3nico o de cualesquiera otros medios, implicar\u00e1 el otorgamiento a favor de ADOC Computer de una licencia no exclusiva, sin l\u00edmite de tiempo, de \u00e1mbito mundial y de car\u00e1cter gratuito para reproducir, almacenar, editar, modificar, publicar, incorporar en base de datos, comunicar p\u00fablicamente, transmitir, visualizar, distribuir, representar, o en cualquier otra forma explotar comercialmente, en todo o en parte, tales informaciones o contenidos titularidad del usuario en el sitio web en cualquier forma o a trav\u00e9s de cualquier medio o tecnolog\u00eda. ADOC Computer se reserva el derecho, a su sola discreci\u00f3n, de editar, rechazar o eliminar las informaciones y\/o contenidos antes referidos. El usuario se hace responsable de que las informaciones y\/o contenidos remitidos no infrinjan derechos de terceros ni vulneren cualesquiera normas legislativas que sean de aplicaci\u00f3n. Los usuarios asumen la obligaci\u00f3n de mantener a ADOC Computer o a sus representantes, indemnes y libres de toda responsabilidad que pudiera derivar del ejercicio de acciones, judiciales o no, que tuvieran su causa en la transgresi\u00f3n de los derechos de terceros o de la legislaci\u00f3n vigente.<\/p>\n\n\n\n<p>ADOC Computer reserva algunos de los servicios ofrecidos a trav\u00e9s del sitio web a los usuarios registrados en ADOC Computer mediante la cumplimentaci\u00f3n del registro de usuarios de ADOC Computer a disposici\u00f3n de los usuarios que deseen registrarse en ADOC Computer.<\/p>\n\n\n\n<p>ADOC Computer no garantiza la disponibilidad y continuidad del funcionamiento del sitio web y de los servicios. ADOC Computer excluye cualquier responsabilidad por los da\u00f1os y perjuicios de toda clase y naturaleza que puedan deberse a la falta de disponibilidad o de continuidad del funcionamiento del sitio web y de los servicios.<\/p>\n\n\n\n<p>La prestaci\u00f3n del servicio del sitio web y de los dem\u00e1s servicios tiene en principio una duraci\u00f3n indefinida. ADOC Computer, no obstante, est\u00e1 autorizada para dar por terminada o suspender la prestaci\u00f3n del servicio en cualquier momento.<\/p>\n\n\n\n<p>Est\u00e1 estrictamente prohibido modificar, transmitir, distribuir, reutilizar, reenviar o usar la totalidad o parte del contenido de este sitio web para prop\u00f3sitos p\u00fablicos o comerciales incluyendo el texto, im\u00e1genes, audio y\/o v\u00eddeo sin la autorizaci\u00f3n escrita de ADOC Computer.<\/p>\n","protected":false},"excerpt":{"rendered":"<p>Toda la informaci\u00f3n recopilada y contenida en este sitio web, su dise\u00f1o gr\u00e1fico y el c\u00f3digo fuente son propiedad de ADOC Computer y no pueden ser utilizados sin la autorizaci\u00f3n por escrito del mismo. El sitio web es accesible mediante la direcci\u00f3n\u00a0https:\/\/adoccomputer.es ADOC Computer mantiene este sitio web para la informaci\u00f3n, educaci\u00f3n y comunicaci\u00f3n del &hellip; <\/p>\n","protected":false},"author":1,"featured_media":0,"parent":0,"menu_order":0,"comment_status":"closed","ping_status":"closed","template":"","meta":{"footnotes":""},"class_list":["post-66","page","type-page","status-publish","hentry","grid-sizer"],"yoast_head":"<!-- This site is optimized with the Yoast SEO plugin v23.5 - https:\/\/yoast.com\/wordpress\/plugins\/seo\/ -->\n<title>Aviso Legal -<\/title>\n<meta name=\"robots\" content=\"index, follow, max-snippet:-1, max-image-preview:large, max-video-preview:-1\" \/>\n<link rel=\"canonical\" href=\"https:\/\/adoccomputer.todogds.es\/index.php\/aviso-legal\/\" \/>\n<meta property=\"og:locale\" content=\"es_ES\" \/>\n<meta property=\"og:type\" content=\"article\" \/>\n<meta property=\"og:title\" content=\"Aviso Legal -\" \/>\n<meta property=\"og:description\" content=\"Toda la informaci\u00f3n recopilada y contenida en este sitio web, su dise\u00f1o gr\u00e1fico y el c\u00f3digo fuente son propiedad de ADOC Computer y no pueden ser utilizados sin la autorizaci\u00f3n por escrito del mismo. El sitio web es accesible mediante la direcci\u00f3n\u00a0https:\/\/adoccomputer.es ADOC Computer mantiene este sitio web para la informaci\u00f3n, educaci\u00f3n y comunicaci\u00f3n del &hellip;\" \/>\n<meta property=\"og:url\" content=\"https:\/\/adoccomputer.todogds.es\/index.php\/aviso-legal\/\" \/>\n<meta property=\"article:modified_time\" content=\"2024-09-15T08:21:50+00:00\" \/>\n<meta name=\"twitter:card\" content=\"summary_large_image\" \/>\n<meta name=\"twitter:label1\" content=\"Tiempo de lectura\" \/>\n\t<meta name=\"twitter:data1\" content=\"3 minutos\" \/>\n<script type=\"application\/ld+json\" class=\"yoast-schema-graph\">{\"@context\":\"https:\/\/schema.org\",\"@graph\":[{\"@type\":\"WebPage\",\"@id\":\"https:\/\/adoccomputer.todogds.es\/index.php\/aviso-legal\/\",\"url\":\"https:\/\/adoccomputer.todogds.es\/index.php\/aviso-legal\/\",\"name\":\"Aviso Legal -\",\"isPartOf\":{\"@id\":\"https:\/\/adoccomputer.todogds.es\/#website\"},\"datePublished\":\"2024-09-15T08:18:19+00:00\",\"dateModified\":\"2024-09-15T08:21:50+00:00\",\"breadcrumb\":{\"@id\":\"https:\/\/adoccomputer.todogds.es\/index.php\/aviso-legal\/#breadcrumb\"},\"inLanguage\":\"es\",\"potentialAction\":[{\"@type\":\"ReadAction\",\"target\":[\"https:\/\/adoccomputer.todogds.es\/index.php\/aviso-legal\/\"]}]},{\"@type\":\"BreadcrumbList\",\"@id\":\"https:\/\/adoccomputer.todogds.es\/index.php\/aviso-legal\/#breadcrumb\",\"itemListElement\":[{\"@type\":\"ListItem\",\"position\":1,\"name\":\"Portada\",\"item\":\"https:\/\/adoccomputer.todogds.es\/\"},{\"@type\":\"ListItem\",\"position\":2,\"name\":\"Aviso Legal\"}]},{\"@type\":\"WebSite\",\"@id\":\"https:\/\/adoccomputer.todogds.es\/#website\",\"url\":\"https:\/\/adoccomputer.todogds.es\/\",\"name\":\"\",\"description\":\"\",\"potentialAction\":[{\"@type\":\"SearchAction\",\"target\":{\"@type\":\"EntryPoint\",\"urlTemplate\":\"https:\/\/adoccomputer.todogds.es\/?s={search_term_string}\"},\"query-input\":{\"@type\":\"PropertyValueSpecification\",\"valueRequired\":true,\"valueName\":\"search_term_string\"}}],\"inLanguage\":\"es\"}]}<\/script>\n<!-- \/ Yoast SEO plugin. -->","yoast_head_json":{"title":"Aviso Legal -","robots":{"index":"index","follow":"follow","max-snippet":"max-snippet:-1","max-image-preview":"max-image-preview:large","max-video-preview":"max-video-preview:-1"},"canonical":"https:\/\/adoccomputer.todogds.es\/index.php\/aviso-legal\/","og_locale":"es_ES","og_type":"article","og_title":"Aviso Legal -","og_description":"Toda la informaci\u00f3n recopilada y contenida en este sitio web, su dise\u00f1o gr\u00e1fico y el c\u00f3digo fuente son propiedad de ADOC Computer y no pueden ser utilizados sin la autorizaci\u00f3n por escrito del mismo. El sitio web es accesible mediante la direcci\u00f3n\u00a0https:\/\/adoccomputer.es ADOC Computer mantiene este sitio web para la informaci\u00f3n, educaci\u00f3n y comunicaci\u00f3n del &hellip;","og_url":"https:\/\/adoccomputer.todogds.es\/index.php\/aviso-legal\/","article_modified_time":"2024-09-15T08:21:50+00:00","twitter_card":"summary_large_image","twitter_misc":{"Tiempo de lectura":"3 minutos"},"schema":{"@context":"https:\/\/schema.org","@graph":[{"@type":"WebPage","@id":"https:\/\/adoccomputer.todogds.es\/index.php\/aviso-legal\/","url":"https:\/\/adoccomputer.todogds.es\/index.php\/aviso-legal\/","name":"Aviso Legal -","isPartOf":{"@id":"https:\/\/adoccomputer.todogds.es\/#website"},"datePublished":"2024-09-15T08:18:19+00:00","dateModified":"2024-09-15T08:21:50+00:00","breadcrumb":{"@id":"https:\/\/adoccomputer.todogds.es\/index.php\/aviso-legal\/#breadcrumb"},"inLanguage":"es","potentialAction":[{"@type":"ReadAction","target":["https:\/\/adoccomputer.todogds.es\/index.php\/aviso-legal\/"]}]},{"@type":"BreadcrumbList","@id":"https:\/\/adoccomputer.todogds.es\/index.php\/aviso-legal\/#breadcrumb","itemListElement":[{"@type":"ListItem","position":1,"name":"Portada","item":"https:\/\/adoccomputer.todogds.es\/"},{"@type":"ListItem","position":2,"name":"Aviso Legal"}]},{"@type":"WebSite","@id":"https:\/\/adoccomputer.todogds.es\/#website","url":"https:\/\/adoccomputer.todogds.es\/","name":"","description":"","potentialAction":[{"@type":"SearchAction","target":{"@type":"EntryPoint","urlTemplate":"https:\/\/adoccomputer.todogds.es\/?s={search_term_string}"},"query-input":{"@type":"PropertyValueSpecification","valueRequired":true,"valueName":"search_term_string"}}],"inLanguage":"es"}]}},"_links":{"self":[{"href":"https:\/\/adoccomputer.todogds.es\/index.php\/wp-json\/wp\/v2\/pages\/66","targetHints":{"allow":["GET"]}}],"collection":[{"href":"https:\/\/adoccomputer.todogds.es\/index.php\/wp-json\/wp\/v2\/pages"}],"about":[{"href":"https:\/\/adoccomputer.todogds.es\/index.php\/wp-json\/wp\/v2\/types\/page"}],"author":[{"embeddable":true,"href":"https:\/\/adoccomputer.todogds.es\/index.php\/wp-json\/wp\/v2\/users\/1"}],"replies":[{"embeddable":true,"href":"https:\/\/adoccomputer.todogds.es\/index.php\/wp-json\/wp\/v2\/comments?post=66"}],"version-history":[{"count":1,"href":"https:\/\/adoccomputer.todogds.es\/index.php\/wp-json\/wp\/v2\/pages\/66\/revisions"}],"predecessor-version":[{"id":67,"href":"https:\/\/adoccomputer.todogds.es\/index.php\/wp-json\/wp\/v2\/pages\/66\/revisions\/67"}],"wp:attachment":[{"href":"https:\/\/adoccomputer.todogds.es\/index.php\/wp-json\/wp\/v2\/media?parent=66"}],"curies":[{"name":"wp","href":"https:\/\/api.w.org\/{rel}","templated":true}]}}